{"id":2244,"date":"2026-06-14T15:52:33","date_gmt":"2026-06-14T13:52:33","guid":{"rendered":"http:\/\/selbecke125.de\/?page_id=2244"},"modified":"2026-06-14T15:54:57","modified_gmt":"2026-06-14T13:54:57","slug":"guenter-leste-ist-gestorben","status":"publish","type":"page","link":"http:\/\/selbecke125.de\/?page_id=2244","title":{"rendered":"G\u00fcnter Leste ist gestorben"},"content":{"rendered":"\t\t<div data-elementor-type=\"wp-post\" data-elementor-id=\"2244\" class=\"elementor elementor-2244\" data-elementor-post-type=\"page\">\n\t\t\t\t<div class=\"elementor-element elementor-element-5dc2cf0 e-flex e-con-boxed e-con e-parent\" data-id=\"5dc2cf0\" data-element_type=\"container\" data-settings=\"{&quot;jet_parallax_layout_list&quot;:[]}\">\n\t\t\t\t\t<div class=\"e-con-inner\">\n\t\t\t\t<div class=\"elementor-element elementor-element-7b04b5e elementor-widget elementor-widget-spacer\" data-id=\"7b04b5e\" data-element_type=\"widget\" data-widget_type=\"spacer.default\">\n\t\t\t\t<div class=\"elementor-widget-container\">\n\t\t\t\t\t\t\t<div class=\"elementor-spacer\">\n\t\t\t<div class=\"elementor-spacer-inner\"><\/div>\n\t\t<\/div>\n\t\t\t\t\t\t<\/div>\n\t\t\t\t<\/div>\n\t\t\t\t\t<\/div>\n\t\t\t\t<\/div>\n\t\t<div class=\"elementor-element elementor-element-00e04a6 e-flex e-con-boxed e-con e-parent\" data-id=\"00e04a6\" data-element_type=\"container\" data-settings=\"{&quot;jet_parallax_layout_list&quot;:[]}\">\n\t\t\t\t\t<div class=\"e-con-inner\">\n\t\t\t\t<div class=\"elementor-element elementor-element-e107356 elementor-widget elementor-widget-heading\" data-id=\"e107356\" data-element_type=\"widget\" data-widget_type=\"heading.default\">\n\t\t\t\t<div class=\"elementor-widget-container\">\n\t\t\t\t\t<h2 class=\"elementor-heading-title elementor-size-default\">Es tut uns sehr leid: G\u00fcnther Leste ist gestorben<\/h2>\t\t\t\t<\/div>\n\t\t\t\t<\/div>\n\t\t\t\t\t<\/div>\n\t\t\t\t<\/div>\n\t\t<div class=\"elementor-element elementor-element-98f89a1 e-flex e-con-boxed e-con e-parent\" data-id=\"98f89a1\" data-element_type=\"container\" data-settings=\"{&quot;jet_parallax_layout_list&quot;:[]}\">\n\t\t\t\t\t<div class=\"e-con-inner\">\n\t\t\t\t<div class=\"elementor-element elementor-element-f19dd41 elementor-widget elementor-widget-spacer\" data-id=\"f19dd41\" data-element_type=\"widget\" data-widget_type=\"spacer.default\">\n\t\t\t\t<div class=\"elementor-widget-container\">\n\t\t\t\t\t\t\t<div class=\"elementor-spacer\">\n\t\t\t<div class=\"elementor-spacer-inner\"><\/div>\n\t\t<\/div>\n\t\t\t\t\t\t<\/div>\n\t\t\t\t<\/div>\n\t\t\t\t\t<\/div>\n\t\t\t\t<\/div>\n\t\t<div class=\"elementor-element elementor-element-a3d8ea6 e-flex e-con-boxed e-con e-parent\" data-id=\"a3d8ea6\" data-element_type=\"container\" data-settings=\"{&quot;jet_parallax_layout_list&quot;:[]}\">\n\t\t\t\t\t<div class=\"e-con-inner\">\n\t\t<div class=\"elementor-element elementor-element-7a071b0 e-con-full e-flex e-con e-child\" data-id=\"7a071b0\" data-element_type=\"container\" data-settings=\"{&quot;jet_parallax_layout_list&quot;:[]}\">\n\t\t\t\t<div class=\"elementor-element elementor-element-057c289 elementor-widget elementor-widget-image\" data-id=\"057c289\" data-element_type=\"widget\" data-widget_type=\"image.default\">\n\t\t\t\t<div class=\"elementor-widget-container\">\n\t\t\t\t\t\t\t\t\t\t\t\t\t\t\t<img fetchpriority=\"high\" decoding=\"async\" width=\"1024\" height=\"768\" src=\"http:\/\/selbecke125.de\/wp-content\/uploads\/2026\/06\/guenther-leste-gestorben-1024x768.jpg\" class=\"attachment-large size-large wp-image-2245\" alt=\"\" srcset=\"http:\/\/selbecke125.de\/wp-content\/uploads\/2026\/06\/guenther-leste-gestorben-1024x768.jpg 1024w, http:\/\/selbecke125.de\/wp-content\/uploads\/2026\/06\/guenther-leste-gestorben-300x225.jpg 300w, http:\/\/selbecke125.de\/wp-content\/uploads\/2026\/06\/guenther-leste-gestorben-768x576.jpg 768w, http:\/\/selbecke125.de\/wp-content\/uploads\/2026\/06\/guenther-leste-gestorben-1536x1152.jpg 1536w, http:\/\/selbecke125.de\/wp-content\/uploads\/2026\/06\/guenther-leste-gestorben-2048x1536.jpg 2048w\" sizes=\"(max-width: 1024px) 100vw, 1024px\" \/>\t\t\t\t\t\t\t\t\t\t\t\t\t\t\t<\/div>\n\t\t\t\t<\/div>\n\t\t\t\t<\/div>\n\t\t<div class=\"elementor-element elementor-element-e28f68f e-con-full e-flex e-con e-child\" data-id=\"e28f68f\" data-element_type=\"container\" data-settings=\"{&quot;jet_parallax_layout_list&quot;:[]}\">\n\t\t\t\t<div class=\"elementor-element elementor-element-e1b510a elementor-widget elementor-widget-text-editor\" data-id=\"e1b510a\" data-element_type=\"widget\" data-widget_type=\"text-editor.default\">\n\t\t\t\t<div class=\"elementor-widget-container\">\n\t\t\t\t\t\t\t\t\t<p>G\u00fcnther geh\u00f6rte zu den Unentwegten, die sich nach dem Ende des Krieges entschieden daf\u00fcr einsetzten, dass sich die Turnerschaft neu gr\u00fcndete, wenn sich auch sein sportlicher Schwerpunkt, die Leicht-athletik, in der Nachkriegsentwicklung nicht durchsetzen konnte \u2013 er war halt kein Handballer.<\/p><p>\u00a0<\/p><p>In Gespr\u00e4chen \u2013 zugegeben: erst nach einer Neuorientierung des Vereinslebens, die u.a. durch die Nutzung des durch Vereinsmitglieder hergerichteten Vereinsraums m\u00f6glich wurde, sind<\/p><p>wir einander n\u00e4her gekommen \u2013 wurden seine traditionellen Vorstellungen von Leibes\u00fcbungen und Wettkampf in seinem Stadtteil, seine Verbundenheit mit dem Verein in der Selbecke und sein Interesse am aktuellen Vereinsgeschehen deutlich, u.a. durch seine Jahrzehnte lange Mitgliedschaft im F\u00f6rderkreis.<\/p><p>\u00a0<\/p>\t\t\t\t\t\t\t\t<\/div>\n\t\t\t\t<\/div>\n\t\t\t\t<\/div>\n\t\t\t\t\t<\/div>\n\t\t\t\t<\/div>\n\t\t<div class=\"elementor-element elementor-element-d51971d e-flex e-con-boxed e-con e-parent\" data-id=\"d51971d\" data-element_type=\"container\" data-settings=\"{&quot;jet_parallax_layout_list&quot;:[]}\">\n\t\t\t\t\t<div class=\"e-con-inner\">\n\t\t\t\t<div class=\"elementor-element elementor-element-d05ebf0 elementor-widget elementor-widget-text-editor\" data-id=\"d05ebf0\" data-element_type=\"widget\" data-widget_type=\"text-editor.default\">\n\t\t\t\t<div class=\"elementor-widget-container\">\n\t\t\t\t\t\t\t\t\t<p>G\u00fcnther war ein eher leises Vereinsmitglied, ein Mann souver\u00e4ner Bescheidenheit. Immer wieder hat er mich beeindruckt durch seine Schilderungen, wie ihn der Vereinssport in jungen Jahren gepr\u00e4gt hat, wie sehr durch den Verein bleibende Freundschaften entstanden sind, und dann aber auch, wie sich wegen zunehmender Mobilit\u00e4t die alten Freunde aus den Augen verloren: Erinnerungen und Geschichten aus einer Zeit, die viele nur noch aus Erz\u00e4hlungen kennen \u2013 wenn sich denn jemand daf\u00fcr interessiert.<\/p><p>Seit einigen Monaten ging es ihm zunehmend schlechter, gleichwohl nahm er interessiert und mit Freude mit seiner Partnerin Maren weiterhin an Vereinsveranstaltungen und Mitgliederversammlungen teil; erst beim diesj\u00e4hrigen abschlie\u00dfenden Treffen der Maiwanderer am 1. Mai auf dem Schulhof war er nicht mehr dabei.<\/p><p>Mit G\u00fcnther ist einer der letzten aktiven Vertreter einer besonderen Generation von Sportlern in der Selbecke gestorben; besonders deswegen, weil die Zeit und die Umst\u00e4nde es erlaubten, dass Schule, Freizeit, Sport und Nachbarschaft ineinander flossen und den Alltag \u00fcber viele Jahre bestimmten.<\/p><p>Seine Anwesenheit war f\u00fcr viele derjenigen, die sich selbst noch zu den alten Selbeckerinnen und Selbeckern z\u00e4hlen und die sich oft wehm\u00fctig an alte Vereinsstrukturen und Gepflogenheiten erinnern (das sind ja nicht mehr so viele), selbstverst\u00e4ndlich geworden und gleichzeitig etwas Besonderes: Am 1. Juli 1949 ist er zehnj\u00e4hrig in den Verein eingetreten; er geh\u00f6rte seit seiner fr\u00fchen Jugend einfach dazu.<\/p><p>G\u00fcnther wird nicht mehr zum Vereinsraum auf dem Schulhof kommen, und auch nicht mehr zu Versammlungen; viele werden ihn vermissen.<\/p>\t\t\t\t\t\t\t\t<\/div>\n\t\t\t\t<\/div>\n\t\t\t\t\t<\/div>\n\t\t\t\t<\/div>\n\t\t\t\t<\/div>\n\t\t","protected":false},"excerpt":{"rendered":"<p>Es tut uns sehr leid: G\u00fcnther Leste ist gestorben G\u00fcnther geh\u00f6rte zu den Unentwegten, die sich nach dem Ende des Krieges entschieden daf\u00fcr einsetzten, dass sich die Turnerschaft neu gr\u00fcndete, wenn sich auch sein sportlicher Schwerpunkt, die Leicht-athletik, in der Nachkriegsentwicklung nicht durchsetzen konnte \u2013 er war halt kein Handballer. \u00a0 In Gespr\u00e4chen \u2013 zugegeben: [&hellip;]<\/p>\n","protected":false},"author":1,"featured_media":0,"parent":0,"menu_order":0,"comment_status":"closed","ping_status":"closed","template":"elementor_header_footer","meta":{"_acf_changed":false,"footnotes":""},"class_list":["post-2244","page","type-page","status-publish","hentry"],"acf":[],"_links":{"self":[{"href":"http:\/\/selbecke125.de\/index.php?rest_route=\/wp\/v2\/pages\/2244","targetHints":{"allow":["GET"]}}],"collection":[{"href":"http:\/\/selbecke125.de\/index.php?rest_route=\/wp\/v2\/pages"}],"about":[{"href":"http:\/\/selbecke125.de\/index.php?rest_route=\/wp\/v2\/types\/page"}],"author":[{"embeddable":true,"href":"http:\/\/selbecke125.de\/index.php?rest_route=\/wp\/v2\/users\/1"}],"replies":[{"embeddable":true,"href":"http:\/\/selbecke125.de\/index.php?rest_route=%2Fwp%2Fv2%2Fcomments&post=2244"}],"version-history":[{"count":3,"href":"http:\/\/selbecke125.de\/index.php?rest_route=\/wp\/v2\/pages\/2244\/revisions"}],"predecessor-version":[{"id":2248,"href":"http:\/\/selbecke125.de\/index.php?rest_route=\/wp\/v2\/pages\/2244\/revisions\/2248"}],"wp:attachment":[{"href":"http:\/\/selbecke125.de\/index.php?rest_route=%2Fwp%2Fv2%2Fmedia&parent=2244"}],"curies":[{"name":"wp","href":"https:\/\/api.w.org\/{rel}","templated":true}]}}

Günter Leste ist gestorben

<div data-elementor-type="wp-post" data-elementor-id="2244" class="elementor elementor-2244" data-elementor-post-type="page">
				<div class="elementor-element elementor-element-5dc2cf0 e-flex e-con-boxed e-con e-parent" data-id="5dc2cf0" data-element_type="container" data-settings="{&quot;jet_parallax_layout_list&quot;:[]}">
					<div class="e-con-inner">
				<div class="elementor-element elementor-element-7b04b5e elementor-widget elementor-widget-spacer" data-id="7b04b5e" data-element_type="widget" data-widget_type="spacer.default">
				<div class="elementor-widget-container">
							<div class="elementor-spacer">
			<div class="elementor-spacer-inner"></div>
		</div>
						</div>
				</div>
					</div>
				</div>
		<div class="elementor-element elementor-element-00e04a6 e-flex e-con-boxed e-con e-parent" data-id="00e04a6" data-element_type="container" data-settings="{&quot;jet_parallax_layout_list&quot;:[]}">
					<div class="e-con-inner">
				<div class="elementor-element elementor-element-e107356 elementor-widget elementor-widget-heading" data-id="e107356" data-element_type="widget" data-widget_type="heading.default">
				<div class="elementor-widget-container">
					<h2 class="elementor-heading-title elementor-size-default">Es tut uns sehr leid: Günther Leste ist gestorben</h2>				</div>
				</div>
					</div>
				</div>
		<div class="elementor-element elementor-element-98f89a1 e-flex e-con-boxed e-con e-parent" data-id="98f89a1" data-element_type="container" data-settings="{&quot;jet_parallax_layout_list&quot;:[]}">
					<div class="e-con-inner">
				<div class="elementor-element elementor-element-f19dd41 elementor-widget elementor-widget-spacer" data-id="f19dd41" data-element_type="widget" data-widget_type="spacer.default">
				<div class="elementor-widget-container">
							<div class="elementor-spacer">
			<div class="elementor-spacer-inner"></div>
		</div>
						</div>
				</div>
					</div>
				</div>
		<div class="elementor-element elementor-element-a3d8ea6 e-flex e-con-boxed e-con e-parent" data-id="a3d8ea6" data-element_type="container" data-settings="{&quot;jet_parallax_layout_list&quot;:[]}">
					<div class="e-con-inner">
		<div class="elementor-element elementor-element-7a071b0 e-con-full e-flex e-con e-child" data-id="7a071b0" data-element_type="container" data-settings="{&quot;jet_parallax_layout_list&quot;:[]}">
				<div class="elementor-element elementor-element-057c289 elementor-widget elementor-widget-image" data-id="057c289" data-element_type="widget" data-widget_type="image.default">
				<div class="elementor-widget-container">
															<img fetchpriority="high" decoding="async" width="1024" height="768" src="http://selbecke125.de/wp-content/uploads/2026/06/guenther-leste-gestorben-1024x768.jpg" class="attachment-large size-large wp-image-2245" alt="" srcset="http://selbecke125.de/wp-content/uploads/2026/06/guenther-leste-gestorben-1024x768.jpg 1024w, http://selbecke125.de/wp-content/uploads/2026/06/guenther-leste-gestorben-300x225.jpg 300w, http://selbecke125.de/wp-content/uploads/2026/06/guenther-leste-gestorben-768x576.jpg 768w, http://selbecke125.de/wp-content/uploads/2026/06/guenther-leste-gestorben-1536x1152.jpg 1536w, http://selbecke125.de/wp-content/uploads/2026/06/guenther-leste-gestorben-2048x1536.jpg 2048w" sizes="(max-width: 1024px) 100vw, 1024px" />															</div>
				</div>
				</div>
		<div class="elementor-element elementor-element-e28f68f e-con-full e-flex e-con e-child" data-id="e28f68f" data-element_type="container" data-settings="{&quot;jet_parallax_layout_list&quot;:[]}">
				<div class="elementor-element elementor-element-e1b510a elementor-widget elementor-widget-text-editor" data-id="e1b510a" data-element_type="widget" data-widget_type="text-editor.default">
				<div class="elementor-widget-container">
									<p>Günther gehörte zu den Unentwegten, die sich nach dem Ende des Krieges entschieden dafür einsetzten, dass sich die Turnerschaft neu gründete, wenn sich auch sein sportlicher Schwerpunkt, die Leicht-athletik, in der Nachkriegsentwicklung nicht durchsetzen konnte – er war halt kein Handballer.</p><p> </p><p>In Gesprächen – zugegeben: erst nach einer Neuorientierung des Vereinslebens, die u.a. durch die Nutzung des durch Vereinsmitglieder hergerichteten Vereinsraums möglich wurde, sind</p><p>wir einander näher gekommen – wurden seine traditionellen Vorstellungen von Leibesübungen und Wettkampf in seinem Stadtteil, seine Verbundenheit mit dem Verein in der Selbecke und sein Interesse am aktuellen Vereinsgeschehen deutlich, u.a. durch seine Jahrzehnte lange Mitgliedschaft im Förderkreis.</p><p> </p>								</div>
				</div>
				</div>
					</div>
				</div>
		<div class="elementor-element elementor-element-d51971d e-flex e-con-boxed e-con e-parent" data-id="d51971d" data-element_type="container" data-settings="{&quot;jet_parallax_layout_list&quot;:[]}">
					<div class="e-con-inner">
				<div class="elementor-element elementor-element-d05ebf0 elementor-widget elementor-widget-text-editor" data-id="d05ebf0" data-element_type="widget" data-widget_type="text-editor.default">
				<div class="elementor-widget-container">
									<p>Günther war ein eher leises Vereinsmitglied, ein Mann souveräner Bescheidenheit. Immer wieder hat er mich beeindruckt durch seine Schilderungen, wie ihn der Vereinssport in jungen Jahren geprägt hat, wie sehr durch den Verein bleibende Freundschaften entstanden sind, und dann aber auch, wie sich wegen zunehmender Mobilität die alten Freunde aus den Augen verloren: Erinnerungen und Geschichten aus einer Zeit, die viele nur noch aus Erzählungen kennen – wenn sich denn jemand dafür interessiert.</p><p>Seit einigen Monaten ging es ihm zunehmend schlechter, gleichwohl nahm er interessiert und mit Freude mit seiner Partnerin Maren weiterhin an Vereinsveranstaltungen und Mitgliederversammlungen teil; erst beim diesjährigen abschließenden Treffen der Maiwanderer am 1. Mai auf dem Schulhof war er nicht mehr dabei.</p><p>Mit Günther ist einer der letzten aktiven Vertreter einer besonderen Generation von Sportlern in der Selbecke gestorben; besonders deswegen, weil die Zeit und die Umstände es erlaubten, dass Schule, Freizeit, Sport und Nachbarschaft ineinander flossen und den Alltag über viele Jahre bestimmten.</p><p>Seine Anwesenheit war für viele derjenigen, die sich selbst noch zu den alten Selbeckerinnen und Selbeckern zählen und die sich oft wehmütig an alte Vereinsstrukturen und Gepflogenheiten erinnern (das sind ja nicht mehr so viele), selbstverständlich geworden und gleichzeitig etwas Besonderes: Am 1. Juli 1949 ist er zehnjährig in den Verein eingetreten; er gehörte seit seiner frühen Jugend einfach dazu.</p><p>Günther wird nicht mehr zum Vereinsraum auf dem Schulhof kommen, und auch nicht mehr zu Versammlungen; viele werden ihn vermissen.</p>								</div>
				</div>
					</div>
				</div>
				</div>

<p>Es tut uns sehr leid: Günther Leste ist gestorben Günther gehörte zu den Unentwegten, die sich nach dem Ende des Krieges entschieden dafür einsetzten, dass sich die Turnerschaft neu gründete, wenn sich auch sein sportlicher Schwerpunkt, die Leicht-athletik, in der Nachkriegsentwicklung nicht durchsetzen konnte – er war halt kein Handballer.   In Gesprächen – zugegeben: [&hellip;]</p>
