{"id":15,"date":"2018-10-09T15:56:51","date_gmt":"2018-10-09T15:56:51","guid":{"rendered":"https:\/\/jupiterx.artbees.net\/tantalus\/?page_id=15"},"modified":"2025-07-12T13:15:11","modified_gmt":"2025-07-12T11:15:11","slug":"buy","status":"publish","type":"page","link":"http:\/\/selbecke125.de\/?page_id=15","title":{"rendered":"Buy"},"content":{"rendered":"\t\t<div data-elementor-type=\"wp-post\" data-elementor-id=\"15\" class=\"elementor elementor-15\" data-elementor-post-type=\"page\">\n\t\t\t\t<div class=\"elementor-element elementor-element-a6537f0 e-flex e-con-boxed e-con e-parent\" data-id=\"a6537f0\" data-element_type=\"container\" data-settings=\"{&quot;jet_parallax_layout_list&quot;:[]}\">\n\t\t\t\t\t<div class=\"e-con-inner\">\n\t\t\t\t<div class=\"elementor-element elementor-element-bd2d407 elementor-widget elementor-widget-spacer\" data-id=\"bd2d407\" data-element_type=\"widget\" data-widget_type=\"spacer.default\">\n\t\t\t\t<div class=\"elementor-widget-container\">\n\t\t\t\t\t\t\t<div class=\"elementor-spacer\">\n\t\t\t<div class=\"elementor-spacer-inner\"><\/div>\n\t\t<\/div>\n\t\t\t\t\t\t<\/div>\n\t\t\t\t<\/div>\n\t\t\t\t\t<\/div>\n\t\t\t\t<\/div>\n\t\t<div class=\"elementor-element elementor-element-736bf1f e-flex e-con-boxed e-con e-parent\" data-id=\"736bf1f\" data-element_type=\"container\" data-settings=\"{&quot;jet_parallax_layout_list&quot;:[]}\">\n\t\t\t\t\t<div class=\"e-con-inner\">\n\t\t\t\t<div class=\"elementor-element elementor-element-761947e elementor-widget elementor-widget-heading\" data-id=\"761947e\" data-element_type=\"widget\" data-widget_type=\"heading.default\">\n\t\t\t\t<div class=\"elementor-widget-container\">\n\t\t\t\t\t<h2 class=\"elementor-heading-title elementor-size-default\">Die Selbecke<\/h2>\t\t\t\t<\/div>\n\t\t\t\t<\/div>\n\t\t\t\t\t<\/div>\n\t\t\t\t<\/div>\n\t\t<div class=\"elementor-element elementor-element-113c2e1 e-flex e-con-boxed e-con e-parent\" data-id=\"113c2e1\" data-element_type=\"container\" data-settings=\"{&quot;jet_parallax_layout_list&quot;:[]}\">\n\t\t\t\t\t<div class=\"e-con-inner\">\n\t\t\t\t<div class=\"elementor-element elementor-element-b938466 elementor-widget elementor-widget-spacer\" data-id=\"b938466\" data-element_type=\"widget\" data-widget_type=\"spacer.default\">\n\t\t\t\t<div class=\"elementor-widget-container\">\n\t\t\t\t\t\t\t<div class=\"elementor-spacer\">\n\t\t\t<div class=\"elementor-spacer-inner\"><\/div>\n\t\t<\/div>\n\t\t\t\t\t\t<\/div>\n\t\t\t\t<\/div>\n\t\t\t\t\t<\/div>\n\t\t\t\t<\/div>\n\t\t<div class=\"elementor-element elementor-element-ac02297 e-flex e-con-boxed e-con e-parent\" data-id=\"ac02297\" data-element_type=\"container\" data-settings=\"{&quot;jet_parallax_layout_list&quot;:[]}\">\n\t\t\t\t\t<div class=\"e-con-inner\">\n\t\t\t\t<div class=\"elementor-element elementor-element-845f2f4 elementor-widget elementor-widget-text-editor\" data-id=\"845f2f4\" data-element_type=\"widget\" data-widget_type=\"text-editor.default\">\n\t\t\t\t<div class=\"elementor-widget-container\">\n\t\t\t\t\t\t\t\t\t<p>Es\u00a0 beginnt irgendwo zwischen <em>Kr\u00e4hnocken <\/em>und <em>Puddelhammer<\/em>, und es endet an der ehemaligen Gastst\u00e4tte <em>Am Hirsch<\/em>, oder am <em>Damm<\/em>: Das Selbecker Tal, <em>die Selbecke<\/em>, war seit den Gr\u00fcndungszeiten der Turnerschaft bis in die 1990er Jahre ein wesentlicher, wenn nicht entscheidender Faktor f\u00fcr den Verein und das Vereinsleben.<\/p><p>Die Selbeckerinnen und Selbecker bildeten eine informelle Gemeinschaft; die 1996 gegr\u00fcndete Turnerschaft und ihre Vorg\u00e4nger sorgten f\u00fcr gemeinsame sportliche Bet\u00e4tigung, Feste, Umz\u00fcge\u00a0 und die Pflege der Traditionen. Neue Generationen wurden integriert, aus dem gemeinsamen Schulbesuch in der Volksschule wurden die Turn- und Leichathletik-Riege, das M\u00e4dchen- und Frauenturnen, dann die Handballsch\u00fcler- und Jugendmannschaften \u2026<\/p><p>Bis in die 80er Jahre bestand der Verein fast ausschlie\u00dflich aus Selbeckerinnen und Selbeckern; dazu kamen ein paar Zugezogene, die sich der Vereinskultur angeschlossen hatten und sie auch bereicherten. Schlie\u00dflich f\u00fchrten gesellschaftlicher Wandel und Mobilit\u00e4t, der Besuch unterschiedlicher Schulen, und nicht zuletzt der Wegfall des Feldhandballs, der j\u00e4hrlichen Handballtage und der Vereinskneipe <em>M\u00e4ckingerbach <\/em>zu Ver\u00e4nderungen bei Mitgliedern, Gewohnheiten und Priorit\u00e4ten im Vereinsleben. Erst in j\u00fcngster Zeit zeichnet sich durch die Einrichtung und Nutzung des Vereinsheims an der Schule eine Wiederbelebung einiger von den \u00c4lteren vermissten Traditionen ab.<\/p><p>Wir m\u00f6chten uns den Stadtteil und seine Geschichte anschauen. F\u00fcr die Festschrift haben wir Beitr\u00e4ge vorbereitet \u00fcber die Herkunft des Namens <em>Selbecke<\/em>, das Urkataster, Verkehrswege, die Stra\u00dfenbahn, L528n, fr\u00fches und sp\u00e4teres Gewerbe und Landwirtschaft, Alltagsleben als <em>Poetische Erinnerung<\/em>, alte Ortsbezeichnungen,\u00a0 Freilichtmuseum, Schulen u.a.m; einige davon sind hier ver\u00f6ffentlicht.<\/p>\t\t\t\t\t\t\t\t<\/div>\n\t\t\t\t<\/div>\n\t\t\t\t\t<\/div>\n\t\t\t\t<\/div>\n\t\t<div class=\"elementor-element elementor-element-396e093 e-flex e-con-boxed e-con e-parent\" data-id=\"396e093\" data-element_type=\"container\" data-settings=\"{&quot;jet_parallax_layout_list&quot;:[]}\">\n\t\t\t\t\t<div class=\"e-con-inner\">\n\t\t\t\t<div class=\"elementor-element elementor-element-a956f39 elementor-widget elementor-widget-spacer\" data-id=\"a956f39\" data-element_type=\"widget\" data-widget_type=\"spacer.default\">\n\t\t\t\t<div class=\"elementor-widget-container\">\n\t\t\t\t\t\t\t<div class=\"elementor-spacer\">\n\t\t\t<div class=\"elementor-spacer-inner\"><\/div>\n\t\t<\/div>\n\t\t\t\t\t\t<\/div>\n\t\t\t\t<\/div>\n\t\t\t\t\t<\/div>\n\t\t\t\t<\/div>\n\t\t\t\t<\/div>\n\t\t","protected":false},"excerpt":{"rendered":"<p>Die Selbecke Es\u00a0 beginnt irgendwo zwischen Kr\u00e4hnocken und Puddelhammer, und es endet an der ehemaligen Gastst\u00e4tte Am Hirsch, oder am Damm: Das Selbecker Tal, die Selbecke, war seit den Gr\u00fcndungszeiten der Turnerschaft bis in die 1990er Jahre ein wesentlicher, wenn nicht entscheidender Faktor f\u00fcr den Verein und das Vereinsleben. Die Selbeckerinnen und Selbecker bildeten eine [&hellip;]<\/p>\n","protected":false},"author":1,"featured_media":0,"parent":0,"menu_order":0,"comment_status":"closed","ping_status":"closed","template":"elementor_header_footer","meta":{"_acf_changed":false,"footnotes":""},"class_list":["post-15","page","type-page","status-publish","hentry"],"acf":[],"_links":{"self":[{"href":"http:\/\/selbecke125.de\/index.php?rest_route=\/wp\/v2\/pages\/15","targetHints":{"allow":["GET"]}}],"collection":[{"href":"http:\/\/selbecke125.de\/index.php?rest_route=\/wp\/v2\/pages"}],"about":[{"href":"http:\/\/selbecke125.de\/index.php?rest_route=\/wp\/v2\/types\/page"}],"author":[{"embeddable":true,"href":"http:\/\/selbecke125.de\/index.php?rest_route=\/wp\/v2\/users\/1"}],"replies":[{"embeddable":true,"href":"http:\/\/selbecke125.de\/index.php?rest_route=%2Fwp%2Fv2%2Fcomments&post=15"}],"version-history":[{"count":19,"href":"http:\/\/selbecke125.de\/index.php?rest_route=\/wp\/v2\/pages\/15\/revisions"}],"predecessor-version":[{"id":2136,"href":"http:\/\/selbecke125.de\/index.php?rest_route=\/wp\/v2\/pages\/15\/revisions\/2136"}],"wp:attachment":[{"href":"http:\/\/selbecke125.de\/index.php?rest_route=%2Fwp%2Fv2%2Fmedia&parent=15"}],"curies":[{"name":"wp","href":"https:\/\/api.w.org\/{rel}","templated":true}]}}

<div data-elementor-type="wp-post" data-elementor-id="15" class="elementor elementor-15" data-elementor-post-type="page">
				<div class="elementor-element elementor-element-a6537f0 e-flex e-con-boxed e-con e-parent" data-id="a6537f0" data-element_type="container" data-settings="{&quot;jet_parallax_layout_list&quot;:[]}">
					<div class="e-con-inner">
				<div class="elementor-element elementor-element-bd2d407 elementor-widget elementor-widget-spacer" data-id="bd2d407" data-element_type="widget" data-widget_type="spacer.default">
				<div class="elementor-widget-container">
							<div class="elementor-spacer">
			<div class="elementor-spacer-inner"></div>
		</div>
						</div>
				</div>
					</div>
				</div>
		<div class="elementor-element elementor-element-736bf1f e-flex e-con-boxed e-con e-parent" data-id="736bf1f" data-element_type="container" data-settings="{&quot;jet_parallax_layout_list&quot;:[]}">
					<div class="e-con-inner">
				<div class="elementor-element elementor-element-761947e elementor-widget elementor-widget-heading" data-id="761947e" data-element_type="widget" data-widget_type="heading.default">
				<div class="elementor-widget-container">
					<h2 class="elementor-heading-title elementor-size-default">Die Selbecke</h2>				</div>
				</div>
					</div>
				</div>
		<div class="elementor-element elementor-element-113c2e1 e-flex e-con-boxed e-con e-parent" data-id="113c2e1" data-element_type="container" data-settings="{&quot;jet_parallax_layout_list&quot;:[]}">
					<div class="e-con-inner">
				<div class="elementor-element elementor-element-b938466 elementor-widget elementor-widget-spacer" data-id="b938466" data-element_type="widget" data-widget_type="spacer.default">
				<div class="elementor-widget-container">
							<div class="elementor-spacer">
			<div class="elementor-spacer-inner"></div>
		</div>
						</div>
				</div>
					</div>
				</div>
		<div class="elementor-element elementor-element-ac02297 e-flex e-con-boxed e-con e-parent" data-id="ac02297" data-element_type="container" data-settings="{&quot;jet_parallax_layout_list&quot;:[]}">
					<div class="e-con-inner">
				<div class="elementor-element elementor-element-845f2f4 elementor-widget elementor-widget-text-editor" data-id="845f2f4" data-element_type="widget" data-widget_type="text-editor.default">
				<div class="elementor-widget-container">
									<p>Es  beginnt irgendwo zwischen <em>Krähnocken </em>und <em>Puddelhammer</em>, und es endet an der ehemaligen Gaststätte <em>Am Hirsch</em>, oder am <em>Damm</em>: Das Selbecker Tal, <em>die Selbecke</em>, war seit den Gründungszeiten der Turnerschaft bis in die 1990er Jahre ein wesentlicher, wenn nicht entscheidender Faktor für den Verein und das Vereinsleben.</p><p>Die Selbeckerinnen und Selbecker bildeten eine informelle Gemeinschaft; die 1996 gegründete Turnerschaft und ihre Vorgänger sorgten für gemeinsame sportliche Betätigung, Feste, Umzüge  und die Pflege der Traditionen. Neue Generationen wurden integriert, aus dem gemeinsamen Schulbesuch in der Volksschule wurden die Turn- und Leichathletik-Riege, das Mädchen- und Frauenturnen, dann die Handballschüler- und Jugendmannschaften …</p><p>Bis in die 80er Jahre bestand der Verein fast ausschließlich aus Selbeckerinnen und Selbeckern; dazu kamen ein paar Zugezogene, die sich der Vereinskultur angeschlossen hatten und sie auch bereicherten. Schließlich führten gesellschaftlicher Wandel und Mobilität, der Besuch unterschiedlicher Schulen, und nicht zuletzt der Wegfall des Feldhandballs, der jährlichen Handballtage und der Vereinskneipe <em>Mäckingerbach </em>zu Veränderungen bei Mitgliedern, Gewohnheiten und Prioritäten im Vereinsleben. Erst in jüngster Zeit zeichnet sich durch die Einrichtung und Nutzung des Vereinsheims an der Schule eine Wiederbelebung einiger von den Älteren vermissten Traditionen ab.</p><p>Wir möchten uns den Stadtteil und seine Geschichte anschauen. Für die Festschrift haben wir Beiträge vorbereitet über die Herkunft des Namens <em>Selbecke</em>, das Urkataster, Verkehrswege, die Straßenbahn, L528n, frühes und späteres Gewerbe und Landwirtschaft, Alltagsleben als <em>Poetische Erinnerung</em>, alte Ortsbezeichnungen,  Freilichtmuseum, Schulen u.a.m; einige davon sind hier veröffentlicht.</p>								</div>
				</div>
					</div>
				</div>
		<div class="elementor-element elementor-element-396e093 e-flex e-con-boxed e-con e-parent" data-id="396e093" data-element_type="container" data-settings="{&quot;jet_parallax_layout_list&quot;:[]}">
					<div class="e-con-inner">
				<div class="elementor-element elementor-element-a956f39 elementor-widget elementor-widget-spacer" data-id="a956f39" data-element_type="widget" data-widget_type="spacer.default">
				<div class="elementor-widget-container">
							<div class="elementor-spacer">
			<div class="elementor-spacer-inner"></div>
		</div>
						</div>
				</div>
					</div>
				</div>
				</div>

<p>Die Selbecke Es  beginnt irgendwo zwischen Krähnocken und Puddelhammer, und es endet an der ehemaligen Gaststätte Am Hirsch, oder am Damm: Das Selbecker Tal, die Selbecke, war seit den Gründungszeiten der Turnerschaft bis in die 1990er Jahre ein wesentlicher, wenn nicht entscheidender Faktor für den Verein und das Vereinsleben. Die Selbeckerinnen und Selbecker bildeten eine [&hellip;]</p>
